{"id":191,"date":"2018-09-13T10:59:41","date_gmt":"2018-09-13T08:59:41","guid":{"rendered":"http:\/\/brj.doffdata.se\/?page_id=191"},"modified":"2021-04-06T11:55:20","modified_gmt":"2021-04-06T09:55:20","slug":"brandklassade","status":"publish","type":"page","link":"https:\/\/brj.se\/?page_id=191","title":{"rendered":"BRANDKLASSADE"},"content":{"rendered":"<p><div class=\"fusion-fullwidth fullwidth-box fusion-builder-row-1 nonhundred-percent-fullwidth non-hundred-percent-height-scrolling\" style=\"--awb-border-radius-top-left:0px;--awb-border-radius-top-right:0px;--awb-border-radius-bottom-right:0px;--awb-border-radius-bottom-left:0px;--awb-padding-top:20px;--awb-padding-bottom:20px;--awb-margin-top:0px;--awb-margin-bottom:0px;--awb-flex-wrap:wrap;\" ><div class=\"fusion-builder-row fusion-row\"><div class=\"fusion-layout-column fusion_builder_column fusion-builder-column-0 fusion_builder_column_1_1 1_1 fusion-one-full fusion-column-first fusion-column-last\" style=\"--awb-padding-top:30px;--awb-padding-right:18%;--awb-padding-bottom:30px;--awb-padding-left:18%;--awb-bg-color:#f0f0f0;--awb-bg-color-hover:#f0f0f0;--awb-bg-size:cover;\"><div class=\"fusion-column-wrapper fusion-flex-column-wrapper-legacy\"><div class=\"fusion-text fusion-text-1\"><h1>Produkter<small>\u00a0<span style=\"color: #ddc565;\">Brand\/Ljud klassade\u00a0<span style=\"color: #000000;\">- Brand<\/span><small><\/small><\/span><\/small><\/h1>\n<\/div><div class=\"fusion-clearfix\"><\/div><\/div><\/div><\/div><\/div><div class=\"fusion-fullwidth fullwidth-box fusion-builder-row-2 nonhundred-percent-fullwidth non-hundred-percent-height-scrolling\" style=\"--awb-border-radius-top-left:0px;--awb-border-radius-top-right:0px;--awb-border-radius-bottom-right:0px;--awb-border-radius-bottom-left:0px;--awb-flex-wrap:wrap;\" ><div class=\"fusion-builder-row fusion-row\"><div class=\"fusion-layout-column fusion_builder_column fusion-builder-column-1 fusion_builder_column_1_1 1_1 fusion-one-full fusion-column-first fusion-column-last\" style=\"--awb-padding-right:18%;--awb-padding-left:18%;--awb-bg-size:cover;\"><div class=\"fusion-column-wrapper fusion-flex-column-wrapper-legacy\"><div class=\"fusion-image-element fusion-image-align-left in-legacy-container\" style=\"text-align:left;--awb-caption-title-font-family:var(--h2_typography-font-family);--awb-caption-title-font-weight:var(--h2_typography-font-weight);--awb-caption-title-font-style:var(--h2_typography-font-style);--awb-caption-title-size:var(--h2_typography-font-size);--awb-caption-title-transform:var(--h2_typography-text-transform);--awb-caption-title-line-height:var(--h2_typography-line-height);--awb-caption-title-letter-spacing:var(--h2_typography-letter-spacing);\"><span class=\" fusion-imageframe imageframe-none imageframe-1 hover-type-none\" style=\"margin-right:25px;float:left;\"><img decoding=\"async\" width=\"40\" height=\"40\" title=\"N1\" src=\"https:\/\/brj.se\/wp-content\/uploads\/2018\/09\/N1.jpg\" alt class=\"img-responsive wp-image-227\"\/><\/span><\/div><div class=\"fusion-clearfix\"><\/div><\/div><\/div><\/div><\/div><div class=\"fusion-fullwidth fullwidth-box fusion-builder-row-3 nonhundred-percent-fullwidth non-hundred-percent-height-scrolling\" style=\"--awb-border-radius-top-left:0px;--awb-border-radius-top-right:0px;--awb-border-radius-bottom-right:0px;--awb-border-radius-bottom-left:0px;--awb-padding-top:0px;--awb-padding-right:18%;--awb-padding-bottom:0px;--awb-padding-left:18%;--awb-flex-wrap:wrap;\" ><div class=\"fusion-builder-row fusion-row\"><div class=\"fusion-layout-column fusion_builder_column fusion-builder-column-2 fusion_builder_column_2_3 2_3 fusion-two-third fusion-column-first\" style=\"--awb-bg-size:cover;width:66.666666666667%;width:calc(66.666666666667% - ( ( 4% ) * 0.66666666666667 ) );margin-right: 4%;\"><div class=\"fusion-column-wrapper fusion-flex-column-wrapper-legacy\"><div class=\"fusion-builder-row fusion-builder-row-inner fusion-row\"><div class=\"fusion-layout-column fusion_builder_column_inner fusion-builder-nested-column-0 fusion_builder_column_inner_1_2 1_2 fusion-one-half fusion-column-first\" style=\"--awb-padding-top:20px;--awb-padding-bottom:20px;--awb-bg-size:cover;width:50%;width:calc(50% - ( ( 4% ) * 0.5 ) );margin-right: 4%;\"><div class=\"fusion-column-wrapper fusion-flex-column-wrapper-legacy\"><div class=\"fusion-image-element in-legacy-container\" style=\"--awb-caption-title-font-family:var(--h2_typography-font-family);--awb-caption-title-font-weight:var(--h2_typography-font-weight);--awb-caption-title-font-style:var(--h2_typography-font-style);--awb-caption-title-size:var(--h2_typography-font-size);--awb-caption-title-transform:var(--h2_typography-text-transform);--awb-caption-title-line-height:var(--h2_typography-line-height);--awb-caption-title-letter-spacing:var(--h2_typography-letter-spacing);\"><span class=\" fusion-imageframe imageframe-glow imageframe-2 hover-type-none\" style=\"border:1px solid #f6f6f6;-webkit-box-shadow: 0 0 3px rgba(76,76,76,0.3);box-shadow: 0 0 3px rgba(76,76,76,0.3);\"><img decoding=\"async\" width=\"360\" height=\"394\" title=\"BRJ_bild_1_360x394\" src=\"http:\/\/brj.doffdata.se\/wp-content\/uploads\/2018\/10\/BRJ_bild_1_360x394-2.jpg\" alt class=\"img-responsive wp-image-591\" srcset=\"https:\/\/brj.se\/wp-content\/uploads\/2018\/10\/BRJ_bild_1_360x394-2-200x219.jpg 200w, https:\/\/brj.se\/wp-content\/uploads\/2018\/10\/BRJ_bild_1_360x394-2.jpg 360w\" sizes=\"(max-width: 800px) 100vw, 360px\" \/><\/span><\/div><div class=\"fusion-clearfix\"><\/div><\/div><\/div><div class=\"fusion-layout-column fusion_builder_column_inner fusion-builder-nested-column-1 fusion_builder_column_inner_1_2 1_2 fusion-one-half fusion-column-last\" style=\"--awb-padding-top:20px;--awb-padding-bottom:20px;--awb-bg-size:cover;--awb-border-color:#f0f0f0f;--awb-border-style:solid;width:50%;width:calc(50% - ( ( 4% ) * 0.5 ) );\"><div class=\"fusion-column-wrapper fusion-flex-column-wrapper-legacy\"><div class=\"fusion-text fusion-text-2\"><h2>Enkeld\u00f6rr MA 3000<\/h2>\n<\/div><div class=\"fusion-sep-clear\"><\/div><div class=\"fusion-separator fusion-full-width-sep\" style=\"margin-left: auto;margin-right: auto;margin-top:15px;margin-bottom:15px;width:100%;\"><\/div><div class=\"fusion-sep-clear\"><\/div><div class=\"fusion-text fusion-text-3\"><p>Vikt d\u00f6rrblad: 22,6 kg\/m\u00b2<br \/>\nBrand: Brandteknisk klass EI30 BBR 5:22<br \/>\na-m\u00e5tt: 39-41mm - b-m\u00e5tt: 20mm<br \/>\nG\u00e5ngj\u00e4rn: 3248 KS 3\/d\u00f6rr<br \/>\nL\u00e5s: Assa 565 andra l\u00e5s p\u00e5 beg\u00e4ran<br \/>\nD\u00f6rrblad: M\u00e5lad d\u00f6rr kan sp\u00e5rfr\u00e4sas<br \/>\nFan\u00e9r<br \/>\nLaminat (d\u00f6rrformat)<br \/>\nTr\u00f6skel: Falsad i h\u00e5rdtr\u00e4 25mm (handikappanpassad)<br \/>\nEnkeld\u00f6rr: Max Modul 12 x 22<\/p>\n<\/div><div class=\"fusion-clearfix\"><\/div><\/div><\/div><\/div><div class=\"fusion-tabs fusion-tabs-1 classic nav-not-justified horizontal-tabs icon-position-left mobile-mode-accordion\" style=\"--awb-title-border-radius-top-left:0px;--awb-title-border-radius-top-right:0px;--awb-title-border-radius-bottom-right:0px;--awb-title-border-radius-bottom-left:0px;--awb-inactive-color:#f0f0f0;--awb-background-color:#ffffff;--awb-border-color:#ebeaea;--awb-active-border-color:#bf3527;\"><div class=\"nav\"><ul class=\"nav-tabs\" role=\"tablist\"><li class=\"active\" role=\"presentation\"><a class=\"tab-link\" data-toggle=\"tab\" role=\"tab\" aria-controls=\"tab-8a1dda26e9fd8b0fa6e\" aria-selected=\"true\" id=\"fusion-tab-beskrivning\" href=\"#tab-8a1dda26e9fd8b0fa6e\"><h4 class=\"fusion-tab-heading\">Beskrivning<\/h4><\/a><\/li><li role=\"presentation\"><a class=\"tab-link\" data-toggle=\"tab\" role=\"tab\" aria-controls=\"tab-3b4b679e078839fdf8d\" aria-selected=\"false\" tabindex=\"-1\" id=\"fusion-tab-modulm\u00e5tt\" href=\"#tab-3b4b679e078839fdf8d\"><h4 class=\"fusion-tab-heading\">Modulm\u00e5tt<\/h4><\/a><\/li><li role=\"presentation\"><a class=\"tab-link\" data-toggle=\"tab\" role=\"tab\" aria-controls=\"tab-5375435e671befe5c17\" aria-selected=\"false\" tabindex=\"-1\" id=\"fusion-tab-garantier\" href=\"#tab-5375435e671befe5c17\"><h4 class=\"fusion-tab-heading\">Garantier<\/h4><\/a><\/li><\/ul><\/div><div class=\"tab-content\"><div class=\"nav fusion-mobile-tab-nav\"><ul class=\"nav-tabs\" role=\"tablist\"><li class=\"active\" role=\"presentation\"><a class=\"tab-link\" data-toggle=\"tab\" role=\"tab\" aria-controls=\"tab-8a1dda26e9fd8b0fa6e\" aria-selected=\"true\" id=\"mobile-fusion-tab-beskrivning\" href=\"#tab-8a1dda26e9fd8b0fa6e\"><h4 class=\"fusion-tab-heading\">Beskrivning<\/h4><\/a><\/li><\/ul><\/div><div class=\"tab-pane fade fusion-clearfix in active\" role=\"tabpanel\" tabindex=\"0\" aria-labelledby=\"fusion-tab-beskrivning\" id=\"tab-8a1dda26e9fd8b0fa6e\">\n<p>Enkeld\u00f6rr modell MA 3000 EI30. Typgodk\u00e4nnandebevis 0119\/03<br \/>\n<strong>\u00d6vrigt:<\/strong>Postinl\u00e4gg Ja<br \/>\nMekanisk ringklocka Ja<br \/>\nD\u00f6rr\u00f6ga Ja<br \/>\nT\u00e4tningstr\u00f6skel Nej<br \/>\nExtral\u00e5s Ja<br \/>\nD\u00f6rrst\u00e4ngare Ja<br \/>\nDekorsp\u00e5r Ja<\/p>\n<\/div><div class=\"nav fusion-mobile-tab-nav\"><ul class=\"nav-tabs\" role=\"tablist\"><li role=\"presentation\"><a class=\"tab-link\" data-toggle=\"tab\" role=\"tab\" aria-controls=\"tab-3b4b679e078839fdf8d\" aria-selected=\"false\" tabindex=\"-1\" id=\"mobile-fusion-tab-modulm\u00e5tt\" href=\"#tab-3b4b679e078839fdf8d\"><h4 class=\"fusion-tab-heading\">Modulm\u00e5tt<\/h4><\/a><\/li><\/ul><\/div><div class=\"tab-pane fade fusion-clearfix\" role=\"tabpanel\" tabindex=\"0\" aria-labelledby=\"fusion-tab-modulm\u00e5tt\" id=\"tab-3b4b679e078839fdf8d\">\n<p><img decoding=\"async\" class=\"alignnone size-full wp-image-502\" src=\"http:\/\/brj.doffdata.se\/wp-content\/uploads\/2018\/10\/BRJ_Modulmatt_Innerd\u00f6rrar-1.png\" alt=\"\" width=\"712\" height=\"400\" srcset=\"https:\/\/brj.se\/wp-content\/uploads\/2018\/10\/BRJ_Modulmatt_Innerd\u00f6rrar-1-200x112.png 200w, https:\/\/brj.se\/wp-content\/uploads\/2018\/10\/BRJ_Modulmatt_Innerd\u00f6rrar-1-300x169.png 300w, https:\/\/brj.se\/wp-content\/uploads\/2018\/10\/BRJ_Modulmatt_Innerd\u00f6rrar-1-400x225.png 400w, https:\/\/brj.se\/wp-content\/uploads\/2018\/10\/BRJ_Modulmatt_Innerd\u00f6rrar-1-600x337.png 600w, https:\/\/brj.se\/wp-content\/uploads\/2018\/10\/BRJ_Modulmatt_Innerd\u00f6rrar-1.png 712w\" sizes=\"(max-width: 712px) 100vw, 712px\" \/><\/p>\n<\/div><div class=\"nav fusion-mobile-tab-nav\"><ul class=\"nav-tabs\" role=\"tablist\"><li role=\"presentation\"><a class=\"tab-link\" data-toggle=\"tab\" role=\"tab\" aria-controls=\"tab-5375435e671befe5c17\" aria-selected=\"false\" tabindex=\"-1\" id=\"mobile-fusion-tab-garantier\" href=\"#tab-5375435e671befe5c17\"><h4 class=\"fusion-tab-heading\">Garantier<\/h4><\/a><\/li><\/ul><\/div><div class=\"tab-pane fade fusion-clearfix\" role=\"tabpanel\" tabindex=\"0\" aria-labelledby=\"fusion-tab-garantier\" id=\"tab-5375435e671befe5c17\">\n<p>Vi har f\u00f6ljande generella garantier p\u00e5 v\u00e5ra produkter.<br \/>\n<strong>Fabriksgaranti<\/strong><br \/>\n2 \u00e5rs garanti mot fabrikationsfel.<br \/>\n<strong>Formgaranti ytterd\u00f6rrar<\/strong><br \/>\n10 \u00e5rs formgaranti.<br \/>\n<strong>F\u00f6r att garantin skall g\u00e4lla<\/strong><br \/>\nAll garanti g\u00e4ller under f\u00f6ruts\u00e4ttning att man handhar produkterna p\u00e5 ett fackmannam\u00e4ssigt s\u00e4tt, samt att man f\u00f6ljer v\u00e5ra anvisningar n\u00e4r det g\u00e4ller montering och sk\u00f6tsel.<\/p>\n<\/div><\/div><\/div><div class=\"fusion-clearfix\"><\/div><\/div><\/div><div class=\"fusion-layout-column fusion_builder_column fusion-builder-column-3 fusion_builder_column_1_3 1_3 fusion-one-third fusion-column-last\" style=\"--awb-padding-left:18%;--awb-bg-size:cover;width:33.333333333333%;width:calc(33.333333333333% - ( ( 4% ) * 0.33333333333333 ) );\"><div class=\"fusion-column-wrapper fusion-flex-column-wrapper-legacy\"><div class=\"fusion-builder-row fusion-builder-row-inner fusion-row\"><div class=\"fusion-layout-column fusion_builder_column_inner fusion-builder-nested-column-2 fusion_builder_column_inner_1_1 1_1 fusion-one-full fusion-column-first fusion-column-last\" style=\"--awb-padding-top:0px;--awb-padding-bottom:0px;--awb-bg-size:cover;\"><div class=\"fusion-column-wrapper fusion-flex-column-wrapper-legacy\"><div class=\"fusion-text fusion-text-4\"><h5 class=\"subtitle\">MENY\u00a0BRAND\/LJUD KLASSADE<\/h5>\n<\/div><div class=\"fusion-clearfix\"><\/div><\/div><\/div><\/div><div class=\"fusion-sep-clear\"><\/div><div class=\"fusion-separator fusion-full-width-sep\" style=\"margin-left: auto;margin-right: auto;margin-bottom:10px;width:100%;\"><div class=\"fusion-separator-border sep-single sep-solid\" style=\"--awb-height:20px;--awb-amount:20px;border-color:#e0dede;border-top-width:1px;\"><\/div><\/div><div class=\"fusion-sep-clear\"><\/div><div class=\"fusion-builder-row fusion-builder-row-inner fusion-row\"><div class=\"fusion-layout-column fusion_builder_column_inner fusion-builder-nested-column-3 fusion_builder_column_inner_1_4 1_4 fusion-one-fourth fusion-column-first\" style=\"--awb-padding-top:10px;--awb-padding-bottom:10px;--awb-bg-size:cover;width:25%;width:calc(25% - ( ( 4% ) * 0.25 ) );margin-right: 4%;\"><div class=\"fusion-column-wrapper fusion-flex-column-wrapper-legacy\"><div class=\"fusion-image-element in-legacy-container\" style=\"--awb-liftup-border-radius:0px;--awb-caption-title-font-family:var(--h2_typography-font-family);--awb-caption-title-font-weight:var(--h2_typography-font-weight);--awb-caption-title-font-style:var(--h2_typography-font-style);--awb-caption-title-size:var(--h2_typography-font-size);--awb-caption-title-transform:var(--h2_typography-text-transform);--awb-caption-title-line-height:var(--h2_typography-line-height);--awb-caption-title-letter-spacing:var(--h2_typography-letter-spacing);\"><div class=\"awb-image-frame awb-image-frame-3 imageframe-liftup\"><span class=\" fusion-imageframe imageframe-glow imageframe-3\" style=\"border:1px solid #f6f6f6;-webkit-box-shadow: 0 0 3px rgba(0,0,0,0.3);box-shadow: 0 0 3px rgba(0,0,0,0.3);\"><a class=\"fusion-no-lightbox\" href=\"https:\/\/brj.se\/?page_id=189\" target=\"_self\" aria-label=\"BRJ_bjork_liten_62x68\"><img decoding=\"async\" width=\"62\" height=\"68\" src=\"https:\/\/brj.se\/wp-content\/uploads\/2018\/10\/BRJ_bjork_liten_62x68.jpg\" alt class=\"img-responsive wp-image-553\"\/><\/a><\/span><\/div><\/div><div class=\"fusion-clearfix\"><\/div><\/div><\/div><div class=\"fusion-layout-column fusion_builder_column_inner fusion-builder-nested-column-4 fusion_builder_column_inner_3_4 3_4 fusion-three-fourth fusion-column-last\" style=\"--awb-bg-size:cover;width:75%;width:calc(75% - ( ( 4% ) * 0.75 ) );\"><div class=\"fusion-column-wrapper fusion-flex-column-wrapper-legacy\"><div class=\"fusion-sep-clear\"><\/div><div class=\"fusion-separator fusion-full-width-sep\" style=\"margin-left: auto;margin-right: auto;margin-top:5px;width:100%;\"><\/div><div class=\"fusion-sep-clear\"><\/div><div class=\"fusion-text fusion-text-5\"><p>Ljud<br \/>\n<a href=\"https:\/\/brj.se\/?page_id=189\">Klicka h\u00e4r<\/a><\/p>\n<\/div><div class=\"fusion-clearfix\"><\/div><\/div><\/div><\/div><div class=\"fusion-sep-clear\"><\/div><div class=\"fusion-separator fusion-full-width-sep\" style=\"margin-left: auto;margin-right: auto;margin-top:10px;margin-bottom:10px;width:100%;\"><div class=\"fusion-separator-border sep-single sep-solid\" style=\"--awb-height:20px;--awb-amount:20px;border-color:#e0dede;border-top-width:1px;\"><\/div><\/div><div class=\"fusion-sep-clear\"><\/div><div class=\"fusion-builder-row fusion-builder-row-inner fusion-row\"><div class=\"fusion-layout-column fusion_builder_column_inner fusion-builder-nested-column-5 fusion_builder_column_inner_1_4 1_4 fusion-one-fourth fusion-column-first\" style=\"--awb-padding-top:10px;--awb-padding-bottom:10px;--awb-bg-size:cover;width:25%;width:calc(25% - ( ( 4% ) * 0.25 ) );margin-right: 4%;\"><div class=\"fusion-column-wrapper fusion-flex-column-wrapper-legacy\"><div class=\"fusion-image-element in-legacy-container\" style=\"--awb-liftup-border-radius:0px;--awb-caption-title-font-family:var(--h2_typography-font-family);--awb-caption-title-font-weight:var(--h2_typography-font-weight);--awb-caption-title-font-style:var(--h2_typography-font-style);--awb-caption-title-size:var(--h2_typography-font-size);--awb-caption-title-transform:var(--h2_typography-text-transform);--awb-caption-title-line-height:var(--h2_typography-line-height);--awb-caption-title-letter-spacing:var(--h2_typography-letter-spacing);\"><div class=\"awb-image-frame awb-image-frame-4 imageframe-liftup\"><span class=\" fusion-imageframe imageframe-glow imageframe-4\" style=\"border:1px solid #f6f6f6;-webkit-box-shadow: 0 0 3px rgba(0,0,0,0.3);box-shadow: 0 0 3px rgba(0,0,0,0.3);\"><a class=\"fusion-no-lightbox\" href=\"https:\/\/brj.se\/?page_id=193\" target=\"_self\" aria-label=\"BRJ_ek_liten_62x68\"><img decoding=\"async\" width=\"62\" height=\"68\" src=\"https:\/\/brj.se\/wp-content\/uploads\/2018\/10\/BRJ_ek_liten_62x68.jpg\" alt class=\"img-responsive wp-image-552\"\/><\/a><\/span><\/div><\/div><div class=\"fusion-clearfix\"><\/div><\/div><\/div><div class=\"fusion-layout-column fusion_builder_column_inner fusion-builder-nested-column-6 fusion_builder_column_inner_3_4 3_4 fusion-three-fourth fusion-column-last\" style=\"--awb-bg-size:cover;width:75%;width:calc(75% - ( ( 4% ) * 0.75 ) );\"><div class=\"fusion-column-wrapper fusion-flex-column-wrapper-legacy\"><div class=\"fusion-sep-clear\"><\/div><div class=\"fusion-separator fusion-full-width-sep\" style=\"margin-left: auto;margin-right: auto;margin-top:5px;width:100%;\"><\/div><div class=\"fusion-sep-clear\"><\/div><div class=\"fusion-text fusion-text-6\"><p>Brand\/Ljud<br \/>\n<a href=\"https:\/\/brj.se\/?page_id=193\">Klicka h\u00e4r<\/a><\/p>\n<\/div><div class=\"fusion-clearfix\"><\/div><\/div><\/div><\/div><div class=\"fusion-sep-clear\"><\/div><div class=\"fusion-separator fusion-full-width-sep\" style=\"margin-left: auto;margin-right: auto;margin-top:10px;margin-bottom:10px;width:100%;\"><div class=\"fusion-separator-border sep-single sep-solid\" style=\"--awb-height:20px;--awb-amount:20px;border-color:#e0dede;border-top-width:1px;\"><\/div><\/div><div class=\"fusion-sep-clear\"><\/div><div class=\"fusion-builder-row fusion-builder-row-inner fusion-row\"><div class=\"fusion-layout-column fusion_builder_column_inner fusion-builder-nested-column-7 fusion_builder_column_inner_1_4 1_4 fusion-one-fourth fusion-column-first\" style=\"--awb-padding-top:10px;--awb-padding-bottom:10px;--awb-bg-size:cover;width:25%;width:calc(25% - ( ( 4% ) * 0.25 ) );margin-right: 4%;\"><div class=\"fusion-column-wrapper fusion-flex-column-wrapper-legacy\"><div class=\"fusion-image-element in-legacy-container\" style=\"--awb-liftup-border-radius:0px;--awb-caption-title-font-family:var(--h2_typography-font-family);--awb-caption-title-font-weight:var(--h2_typography-font-weight);--awb-caption-title-font-style:var(--h2_typography-font-style);--awb-caption-title-size:var(--h2_typography-font-size);--awb-caption-title-transform:var(--h2_typography-text-transform);--awb-caption-title-line-height:var(--h2_typography-line-height);--awb-caption-title-letter-spacing:var(--h2_typography-letter-spacing);\"><div class=\"awb-image-frame awb-image-frame-5 imageframe-liftup\"><span class=\" fusion-imageframe imageframe-glow imageframe-5\" style=\"border:1px solid #f6f6f6;-webkit-box-shadow: 0 0 3px rgba(0,0,0,0.3);box-shadow: 0 0 3px rgba(0,0,0,0.3);\"><a class=\"fusion-no-lightbox\" href=\"https:\/\/brj.se\/?page_id=187\" target=\"_self\" aria-label=\"BRJ_ek_liten_62x68\"><img decoding=\"async\" width=\"62\" height=\"68\" src=\"https:\/\/brj.se\/wp-content\/uploads\/2018\/10\/BRJ_ek_liten_62x68.jpg\" alt class=\"img-responsive wp-image-552\"\/><\/a><\/span><\/div><\/div><div class=\"fusion-clearfix\"><\/div><\/div><\/div><div class=\"fusion-layout-column fusion_builder_column_inner fusion-builder-nested-column-8 fusion_builder_column_inner_3_4 3_4 fusion-three-fourth fusion-column-last\" style=\"--awb-bg-size:cover;width:75%;width:calc(75% - ( ( 4% ) * 0.75 ) );\"><div class=\"fusion-column-wrapper fusion-flex-column-wrapper-legacy\"><div class=\"fusion-sep-clear\"><\/div><div class=\"fusion-separator fusion-full-width-sep\" style=\"margin-left: auto;margin-right: auto;margin-top:5px;width:100%;\"><\/div><div class=\"fusion-sep-clear\"><\/div><div class=\"fusion-text fusion-text-7\"><p>Oklassade<br \/>\n<a href=\"https:\/\/brj.se\/?page_id=187\">Klicka h\u00e4r<\/a><\/p>\n<\/div><div class=\"fusion-clearfix\"><\/div><\/div><\/div><\/div><div class=\"fusion-sep-clear\"><\/div><div class=\"fusion-separator fusion-full-width-sep\" style=\"margin-left: auto;margin-right: auto;margin-top:10px;margin-bottom:10px;width:100%;\"><div class=\"fusion-separator-border sep-single sep-solid\" style=\"--awb-height:20px;--awb-amount:20px;border-color:#e0dede;border-top-width:1px;\"><\/div><\/div><div class=\"fusion-sep-clear\"><\/div><div class=\"fusion-clearfix\"><\/div><\/div><\/div><\/div><\/div><div class=\"fusion-fullwidth fullwidth-box fusion-builder-row-4 nonhundred-percent-fullwidth non-hundred-percent-height-scrolling\" style=\"--awb-border-radius-top-left:0px;--awb-border-radius-top-right:0px;--awb-border-radius-bottom-right:0px;--awb-border-radius-bottom-left:0px;--awb-flex-wrap:wrap;\" ><div class=\"fusion-builder-row fusion-row\"><div class=\"fusion-layout-column fusion_builder_column fusion-builder-column-4 fusion_builder_column_1_1 1_1 fusion-one-full fusion-column-first fusion-column-last\" style=\"--awb-bg-size:cover;\"><div class=\"fusion-column-wrapper fusion-flex-column-wrapper-legacy\"><div class=\"fusion-image-element fusion-image-align-center in-legacy-container\" style=\"text-align:center;--awb-caption-title-font-family:var(--h2_typography-font-family);--awb-caption-title-font-weight:var(--h2_typography-font-weight);--awb-caption-title-font-style:var(--h2_typography-font-style);--awb-caption-title-size:var(--h2_typography-font-size);--awb-caption-title-transform:var(--h2_typography-text-transform);--awb-caption-title-line-height:var(--h2_typography-line-height);--awb-caption-title-letter-spacing:var(--h2_typography-letter-spacing);\"><div class=\"imageframe-align-center\"><span class=\" fusion-imageframe imageframe-none imageframe-6 hover-type-none\"><img decoding=\"async\" width=\"560\" height=\"186\" title=\"BRJ_logo_down_560x186\" src=\"https:\/\/brj.se\/wp-content\/uploads\/2018\/09\/BRJ_logo_down_560x186.jpg\" alt class=\"img-responsive wp-image-255\" srcset=\"https:\/\/brj.se\/wp-content\/uploads\/2018\/09\/BRJ_logo_down_560x186-200x66.jpg 200w, https:\/\/brj.se\/wp-content\/uploads\/2018\/09\/BRJ_logo_down_560x186-400x133.jpg 400w, https:\/\/brj.se\/wp-content\/uploads\/2018\/09\/BRJ_logo_down_560x186.jpg 560w\" sizes=\"(max-width: 800px) 100vw, 560px\" \/><\/span><\/div><\/div><div class=\"fusion-clearfix\"><\/div><\/div><\/div><\/div><\/div><\/p>\n","protected":false},"excerpt":{"rendered":"","protected":false},"author":1,"featured_media":0,"parent":0,"menu_order":0,"comment_status":"closed","ping_status":"closed","template":"","meta":{"footnotes":""},"class_list":["post-191","page","type-page","status-publish","hentry"],"_links":{"self":[{"href":"https:\/\/brj.se\/index.php?rest_route=\/wp\/v2\/pages\/191","targetHints":{"allow":["GET"]}}],"collection":[{"href":"https:\/\/brj.se\/index.php?rest_route=\/wp\/v2\/pages"}],"about":[{"href":"https:\/\/brj.se\/index.php?rest_route=\/wp\/v2\/types\/page"}],"author":[{"embeddable":true,"href":"https:\/\/brj.se\/index.php?rest_route=\/wp\/v2\/users\/1"}],"replies":[{"embeddable":true,"href":"https:\/\/brj.se\/index.php?rest_route=%2Fwp%2Fv2%2Fcomments&post=191"}],"version-history":[{"count":6,"href":"https:\/\/brj.se\/index.php?rest_route=\/wp\/v2\/pages\/191\/revisions"}],"predecessor-version":[{"id":1257,"href":"https:\/\/brj.se\/index.php?rest_route=\/wp\/v2\/pages\/191\/revisions\/1257"}],"wp:attachment":[{"href":"https:\/\/brj.se\/index.php?rest_route=%2Fwp%2Fv2%2Fmedia&parent=191"}],"curies":[{"name":"wp","href":"https:\/\/api.w.org\/{rel}","templated":true}]}}